/15 - 0). Let h = 86 - z. List the prime factors of (-1335)/(-6) + 1 - h/10.
223
Suppose -5*m - 43 = 7. Let a be (m/(-5))/((-2)/(-64)). Let o = 150 - a. What are the prime factors of o?
2, 43
Let y be 0/((-12)/4 - -5 - 3). Suppose y = -13*d + 6*d + 1519. What are the prime factors of d?
7, 31
Let o(k) = 3*k**2 - 11*k + 22. Let b be o(2). Suppose b*q = 1358 + 22. Let j = 54 + q. What are the prime factors of j?
13
Let g = 9533 + 7625. List the prime factors of g.
2, 23, 373
Let n(q) = -233*q + 122. Let s be n(18). What are the prime factors of ((-8)/(-224)*-7)/(2/s)?
509
Suppose 2*h = -10, -h + 2485 = 2*g - 9858. What are the prime factors of g?
2, 3, 7
Suppose 0 = 604*j - 571*j - 1146189. What are the prime factors of j?
47, 739
Let a be -2*33/22 + 1*15601. Suppose 35*d = 57*d - a. List the prime factors of d.
709
Suppose 2*f + 14 = -4*x, -x - 20 = -6*f + f. Suppose -3*m - 2801 = -5*u - 0*m, -4*u + f*m + 2242 = 0. List the prime factors of u.
13, 43
Suppose 4*t - 3612 = -11*z + 6*z, 3*z + 903 = t. Suppose 5*y - t = 3*h + 666, -2*y = 3*h - 615. List the prime factors of y.
2, 3, 13
Suppose -97*j - 589373 = -114*j. List the prime factors of j.
37, 937
Suppose 6*x = 15*x - 63. Suppose 950 = 2*s + 4*k, 4*k + 1413 = 3*s + x*k. What are the prime factors of s?
467
Let h(p) = -p**2 - 7*p - 7. Let u be h(-6). What are the prime factors of (((-189)/(-35))/(-9))/(u/215)?
3, 43
Let u = 15128 + 498. List the prime factors of u.
2, 13, 601
Suppose -2*c = -4*l + 15920, 7930 = 6*l - 4*l + 4*c. What are the prime factors of l?
41, 97
Let s = -1033 - -10554. What are the prime factors of s?
9521
Suppose 0 = 2*b + 3*b + 70. Let k = b + 10. List the prime factors of 70/((-8)/k) + 4.
3, 13
Let z(s) = s**2 - 11*s + 15. Let q be z(10). Suppose -1410 = -q*b - 2*n, 2*b + 0*b - 2*n = 550. List the prime factors of b.
2, 5, 7
Suppose 8357013 + 2434005 + 8963662 = 380*a. What are the prime factors of a?
2, 11, 17, 139
Let t be 99/21 + 4/14. Suppose 9 = t*z - 4*l - 19, z + l - 2 = 0. Suppose -3*f = z*k - 136, -k - 8 = -3. List the prime factors of f.
2, 13
Suppose 3*r - 148946 = 5*x, 4*r = -x + 196012 + 2621. List the prime factors of r.
17, 23, 127
Let k(r) be the first derivative of r**4/4 + r**3 + r**2/2 + 427*r - 46. List the prime factors of k(0).
7, 61
Suppose -2*t - 4*q = -5152, -2*t + 3166 + 1986 = 5*q. What are the prime factors of t?
2, 7, 23
Suppose -10*a + 29 + 21 = 0. Suppose -3*r - 528 = -l, -a*l - 3*r + 252 = -2316. List the prime factors of l.
2, 3, 43
Suppose -9640 = -2*c - 692. What are the prime factors of c?
2, 2237
Suppose 2*f - 3*f - 5*d + 14286 = 0, -4*f + 3*d = -57259. Suppose 35*g = f + 13899. List the prime factors of g.
2, 13, 31
Suppose -635*b + 40310 = -140327 - 96858. Suppose 776 = -3*u + 5*q, 5*q + 1032 = -4*u - 26. Let s = u + b. List the prime factors of s.
5, 7
Suppose -24 = -l - 2*l. Let h = 75 - 60. What are the prime factors of 1/2*l*(h + -2)?
2, 13
Let v be ((-3)/(-18)*8)/(4/24). Let i(m) = m**3 - 10*m**2 + 18*m + 5. What are the prime factors of i(v)?
3, 7
Let j = 3984 + -2252. Suppose 0 = 3*i + 3, -2*p - 3*i + 717 = -j. List the prime factors of p.
2, 613
Let o(d) = 8*d**3 - 49*d**2 + 54*d + 79. Let h(f) = 3*f**3 - 16*f**2 + 18*f + 26. Let g(q) = -11*h(q) + 4*o(q). What are the prime factors of g(-21)?
3, 31
Suppose 0*g - 3*g + 10 = -z, 2*z + 8 = 0. Suppose -3*b = 4*a - 3259, b - g*a - 254 = 849. List the prime factors of b.
1093
Suppose 64*r + 30342 = 70*r. List the prime factors of r.
13, 389
Suppose a + 5*x = 2222, -a + 4*x = -2357 + 171. Suppose d + a = 5*p, p - 293 = -4*d + 139. List the prime factors of p.
2, 5, 11
Suppose -3221 = q - 3226. Let m(z) = 41*z - 7. Let s be m(5). Suppose q*h + s = 8*h. What are the prime factors of h?
2, 3, 11
Let s be 12 + -9 + (-2 - -8). Suppose -26*r + 5915 = s*r. List the prime factors of r.
13
List the prime factors of (-6)/(-54) + (-3 - 316580/(-36)).
59, 149
Suppose -5*n = -330 - 475. Suppose -6*c = -181 - n. What are the prime factors of c?
3, 19
What are the prime factors of (-8)/52*1 + (-1802)/(-221)?
2
Suppose 4803 = -6*f + 23865. What are the prime factors of f?
3, 353
Suppose 39*c = -164*c + 400113. What are the prime factors of c?
3, 73
Let l = -14 - -17. Suppose -5*f + 3142 = 3*u, -10*u + 15*u - 5210 = -l*f. What are the prime factors of u?
1039
Let l(r) = 901*r + 21651. List the prime factors of l(0).
3, 7, 1031
Suppose -5*k = 4*j + 16162 - 61660, -4*j + 45494 = 3*k. What are the prime factors of j?
2, 2843
Let c be 100/120 - (-2335)/6. Let f = c + -143. List the prime factors of f.
13, 19
Let u(h) = -h**3 - 3*h**2 + 6*h + 14. Let x be u(-4). Suppose 0*a + 3*a = 3*i - 6, 3*a = 5*i - 10. What are the prime factors of -5 + x + 46/i?
2, 3
Let r(f) = f**2 + 19*f + 52. Let u be r(-16). Suppose 4*s + 3*n - 457 - 66 = 0, -544 = -u*s + 4*n. List the prime factors of s.
7, 19
Let v = -28586 + 48018. What are the prime factors of v?
2, 7, 347
Let k(q) = 8*q**2 + 867*q - 451. List the prime factors of k(-146).
5, 8699
Let h be 125/50*((31 - -2) + 1). Suppose -5*w - h + 765 = 0. What are the prime factors of w?
2, 17
Suppose -9*l - 7*l = -2656. Suppose l = 3*d + d - 3*x, x = -2*d + 78. What are the prime factors of d?
2, 5
Let z(o) = -28*o + 158. Let k be z(14). Let q = -123 - k. What are the prime factors of q?
3, 37
Suppose 0 = -3*f - 36 + 1422. Let w = -397 + 92. Let b = f + w. List the prime factors of b.
157
Let p(o) = -130*o - 40. What are the prime factors of p(-30)?
2, 5, 193
Suppose 41*i - 656 = -h + 40*i, -5*i - 1992 = -3*h. What are the prime factors of h?
659
Let g(z) = -7908*z - 8511. List the prime factors of g(-6).
3, 12979
Let t(u) = 170*u - 184. Let y be t(20). Suppose -2*k = b - 181 - 628, 4*b = -4*k + y. What are the prime factors of b?
17, 47
Let k be ((-864)/9)/8 - -7. Let h(o) = o**2 - o + 1. Let r(q) = 5*q**2 - 8*q + 2. Let i(p) = -4*h(p) + r(p). What are the prime factors of i(k)?
43
Suppose -5*q + 2*d + 725 = 0, 0*q + 2*d = q - 145. Let p = q + -53. Let i = -51 + p. List the prime factors of i.
41
Let a(k) = -701*k - 574. What are the prime factors of a(-7)?
7, 619
Let u(v) = -85*v**2 + 46*v**2 - 29 + 40*v**2 - 26*v. What are the prime factors of u(36)?
331
Suppose -12*f + 12 = -13*f. Let x be (-3)/4 + 27/f. What are the prime factors of ((x*1)/(24/40))/(-1)?
5
Let f(w) = -w + 21. Let a be f(10). Suppose 0 = -18*z + a*z + 2198. What are the prime factors of z?
2, 157
Let q(y) = -17*y + 75. Let o be q(20). Let a = 389 + o. List the prime factors of a.
2, 31
Let h(j) = 57*j**2 + 2*j - 80. List the prime factors of h(-9).
4519
Suppose -187*u = 23*u - 22890. What are the prime factors of u?
109
Let s(p) = 53*p**3 - 2*p**2 + 18*p - 58. Let f be s(5). Suppose -7 = 22*t - f. What are the prime factors of t?
2, 3, 5
Let d(b) be the second derivative of b**4/12 + 19*b**3/6 - b**2/2 - 35*b. List the prime factors of d(9).
251
Let i = 301 - 524. Let p = i - -675. What are the prime factors of p?
2, 113
Let a(h) = -195*h + 155. What are the prime factors of a(-23)?
2, 5, 29
Let r = 2606 + -95. Suppose -5*x + 474 = -r. List the prime factors of x.
3, 199
Let z be 18/4*-71*(8 + -10). Suppose 0 = 2*h + 11*h - 4914. Let b = z - h. What are the prime factors of b?
3, 29
Suppose -9*t + 437 = -11083. Let k = t - 602. List the prime factors of k.
2, 3, 113
Let i = 89 + -94. Let q(g) = 25*g. Let o be q(i). Let h = o + 233. List the prime factors of h.
2, 3
Let f(p) = -3*p**3 + 17*p**2 + 6*p - 14. Let a be f(-12). Suppose 40*b - a = 26734. What are the prime factors of b?
857
Let p(z) = 4*z**3 - 24*z**2 + 19*z - 231. What are the prime factors of p(19)?
2, 13, 727
Let s be 669/(-3) + 0 + 1. Let a = 1424 + -1032. Let y = a + s. What are the prime factors of y?
2, 5, 17
Let h = -26260 - -38890. List the prime factors of h.
2, 3, 5, 421
Suppose 3*d + 567 = 2*v - 9029, v - 2*d - 4797 = 0. What are the prime factors of v?
4801
Let w(q) = -q**3 - 8*q**2 + 20*q + 3. Let i be w(-10). Suppose -m - 868 = -i*m. List the prime factors of m.
2, 7, 31
Suppose -4*c - 140 - 27 = 3*k, k + 173 = -4*c. Let g = -4615 + 4681. Let n = g + c. What are the prime factors of n?
2, 11
Suppose -4*t - 5*h + 30 = 0, 7 = 3*t - 3*h - 2. Let b = 14 - t. Suppose -b*w - 122 = -10*w. What are the prime factors of w?
2, 